= 3*c + 17, 23 = 5*a - c. List the prime factors of a.
2
Let h(r) = -25*r + 14. Let x be (-2)/17 - (-1180)/(-85). Let d = x - -9. What are the prime factors of h(d)?
139
What are the prime factors of (-3)/18 + (-94695)/(-90)?
2, 263
Suppose -5*p - l + 4775 = 0, -6 - 4 = -2*l. Suppose 4*b = 139*g - 137*g - 930, 0 = -2*g - 2*b + p. List the prime factors of g.
11, 43
Let t be ((-4)/(-6))/(2/3). Let r be 441 + 4/t - 5. Suppose 4*m - 232 - r = 0. List the prime factors of m.
2, 3, 7
Let o = -3203 + 9812. What are the prime factors of o?
3, 2203
Let f be ((-4)/7)/(30/(-7) - -4). Suppose -20*s + f*s + 3024 = 0. What are the prime factors of s?
2, 3, 7
Let v = -280 + 951. Suppose -g - 5*z = -570, 525 + v = 2*g - 4*z. List the prime factors of g.
2, 5, 59
Let g = 15836 - 1294. List the prime factors of g.
2, 11, 661
Let y be 37738/13 + 41/533. Let o = y + -1220. List the prime factors of o.
3, 11, 17
Let n(d) = 0 + 2*d**3 + 16*d**2 + 14*d**2 + 2 - 21*d + 1. What are the prime factors of n(-15)?
2, 3, 53
Let l(k) = k**3 - 43*k**2 + 12*k - 703. List the prime factors of l(47).
3, 13, 223
Let y(w) = -800*w - 96. List the prime factors of y(-4).
2, 97
Suppose 0 = 14*c - 397 + 1321. Let v be (0 + 6)/((c/(-324))/(-11)). Let t = v - -594. What are the prime factors of t?
2, 3, 5
Suppose -17 = 3*p - 3*k + 1, 3*p - 17 = -4*k. Let t = -30 + p. Let c = 109 + t. What are the prime factors of c?
2, 3, 13
Suppose 3*i - 108 = 3. Let v = -29 + i. Let d = 107 + v. List the prime factors of d.
5, 23
Let u(h) = -4*h**2 + 16*h - 123. Let w be u(6). Let z = w + 572. What are the prime factors of z?
401
Let v(x) = x + x + 8*x + 11*x**2 + x**3 + 0*x**3 - 4. Let c be v(-10). Let h(s) = -63*s + 18. List the prime factors of h(c).
2, 3, 5
Let h(j) = 3*j**2 + 9*j + 8. Let d be h(-12). Let c = -191 + d. What are the prime factors of c?
3, 47
Let w be 30/45 + 8/(-3). List the prime factors of (w + 798/10)/((-18)/(-90)).
389
Let j(l) = 29*l + 37. Let n be 10/(-5) + 2*2. What are the prime factors of j(n)?
5, 19
Suppose 0 = -2*r + 4*r + 384. Let i = 364 + r. Suppose 1565 = 7*z + i. List the prime factors of z.
199
Let n = 7309 - -5601. List the prime factors of n.
2, 5, 1291
Let i be 3*(-3)/(-18) + (-105075)/(-30). Suppose 0 = -2*j - 5*s + i, -2*s = -5*j - 5034 + 13719. List the prime factors of j.
37, 47
Suppose 14*n + 2318 + 1434 = 0. Let h = 342 - n. What are the prime factors of h?
2, 5, 61
Suppose j + 6*j - 686 = 0. Let i = j + -17. Suppose -4*n = -5*n + i. What are the prime factors of n?
3
Let n be 50/26 - (-47)/611. Suppose y + n = 0, -4*r + 11*y - 8*y = -2430. List the prime factors of r.
2, 3, 101
Let v = -294 - -298. Suppose -3*q - 1051 = -v*z + 809, -5*z + 2325 = 4*q. What are the prime factors of z?
3, 5, 31
Let t(z) = z**3 + 72*z**2 + 27*z - 222. What are the prime factors of t(-61)?
2, 19531
Let o(x) = -64*x**3 + 6*x**2 - 56*x - 10. What are the prime factors of o(-7)?
2, 5657
Suppose -3*h = -3*s - 15, h - 83 = 2*s - 73. Let k(b) = -b**2 + 0 + 0*b + 11 - 4*b. List the prime factors of k(s).
2, 3
Let u = 1769 + -780. Let h = 1521 - u. What are the prime factors of h?
2, 7, 19
Let i(q) = 13 - 5*q**2 + 9*q**2 + 28*q - 5*q**2 - 12. What are the prime factors of i(14)?
197
Let p = -31 - -23. Suppose 2*z + 3 = z - q, -2*z + 4*q = -18. List the prime factors of (9 + p)/(z/73).
73
Let s(r) = r**3 + 6*r**2 - 11*r + 4. Let b be s(-5). Let x = b - 88. What are the prime factors of 24*(2/(-3))/(x/50)?
2, 5
Suppose 61*l - 60*l = 12. Suppose -d = -8*i + 3*i + 206, 0 = -3*d + l. Suppose 0 = 25*p - 28*p + i. What are the prime factors of p?
2, 7
Suppose -7*c + 5*c + 466 = 0. Suppose -2*s + 0*s + 5*j + 223 = 0, -2*s + c = 5*j. List the prime factors of s.
2, 3, 19
Let h(m) = m**3 + 70*m**2 - 177*m - 272. What are the prime factors of h(-72)?
2, 263
Let j = 2407 - -815. Suppose 4*m - 5*z = j + 502, -5*m + 3*z + 4642 = 0. What are the prime factors of m?
2, 463
What are the prime factors of -16*((9/15 - 126/(-90)) + -854)?
2, 3, 71
Let z = -28 + 28. Suppose z = 4*s - f - 1, -2 = -5*s - 0*s + 2*f. Suppose d + 3*t - 72 = s, -228 = -3*d + 4*t - 7*t. List the prime factors of d.
2, 3, 13
Suppose 5 + 7 = 3*x + 3*j, 5*x - 8 = j. Let d(r) = 19*r + 32. List the prime factors of d(x).
2, 5, 7
Let x = -8460 + 23629. What are the prime factors of x?
7, 11, 197
Let s(o) = o**2 + 50. Suppose -3*p - 40 = -4*p - 4*t, 3*t + 85 = 5*p. List the prime factors of s(p).
2, 3, 5
Suppose 2*f = m + 113819, -118*m = f - 123*m - 56923. What are the prime factors of f?
2, 41, 347
Let k = -495 - -817. Suppose -1757 = -11*c + k. What are the prime factors of c?
3, 7
Let b(a) = -a - 17*a**3 - 2*a**2 + 10 + 15*a**3 - 3*a - 3*a. Let z be b(-6). Suppose 822 = 4*f - 2*u, -f = -3*f + 2*u + z. List the prime factors of f.
5, 41
Let t(b) = 38*b**2 + 10*b - 20. Suppose 5*o - 13 = 7. What are the prime factors of t(o)?
2, 157
List the prime factors of (-6)/(-3)*235237/67.
2, 3511
Let b(z) = z + 2. Let n(t) = 4*t - 5. Let f(y) = -6*b(y) + n(y). Let j be f(-5). List the prime factors of (-7)/(j/102) + -4.
2, 7
Let o be 3 + (-352)/(-10) + 3/(-15). Suppose 0 = -i - m + 10, 3*i - o = -6*m + m. List the prime factors of (1036/i - 0) + (-4)/6.
2, 43
Let n(w) = 20*w - 5*w + 3 - 18 - 7. Let c = -3 + 7. List the prime factors of n(c).
2, 19
Suppose 8 = -0*r + 2*r, -5*r + 34 = w. Let o be w/(-35) + (-17)/(-5). Suppose 0 = o*y - y - 108. What are the prime factors of y?
2, 3
Suppose v = 19 - 15. Suppose -v*p + 7 - 3 = 0. What are the prime factors of (p/(-2))/((-2)/500)?
5
Let a = 164 + -173. List the prime factors of (41/(-4))/(a + 5390/600).
3, 5, 41
Suppose -4*j - 8 = -2*w, j + 2*w + 9 - 2 = 0. Let a be -5*12/(-20)*38 - j. Let q = a + -67. List the prime factors of q.
2, 5
Suppose 3*a - z + 7 = 0, -157*a - 4*z = -161*a - 12. List the prime factors of ((-2)/a)/(5/(-21330)*-3).
2, 3, 79
What are the prime factors of -61*3*((-460)/20 + -433)?
2, 3, 19, 61
Let k be (-2)/(-14) + (-22570)/(-35). Let u(o) = -254*o - 16. Let a be u(-1). Suppose 2*i - a = -3*d, -i + 5*d + k = 4*i. List the prime factors of i.
5
Suppose -27 = 5*f - 147. Suppose -78 + f = -9*p. Suppose -690 = -p*g - 4*g. List the prime factors of g.
3, 23
Let q(n) = -291*n**3 + 7*n**2 + 14*n + 15. Let x(h) = 145*h**3 - 4*h**2 - 8*h - 7. Let s(u) = 3*q(u) + 5*x(u). List the prime factors of s(-2).
2, 3, 199
Let n(w) = 7*w**2 - 6*w. Let v be (4/(-18))/((-14)/126). Suppose t + v*b - 8 = -3*t, 12 = 2*t - 3*b. What are the prime factors of n(t)?
3, 5
Let d(z) = 2*z**2 - 6*z. Let p be d(3). Suppose -3*y + 10 = -2*h - 7, p = -3*h - 4*y. Let g(n) = -12*n + 5. List the prime factors of g(h).
53
Let o = -6654 - -18786. List the prime factors of o.
2, 3, 337
Let k(h) = 23*h + 140. Let p be k(30). Let n(b) = 67*b**3 + 4*b**2 - 2*b - 1. Let a be n(2). Let u = p - a. List the prime factors of u.
283
Let i be 6/(-10) + (-762)/30. Let b = i + 31. Let u(l) = -l**2 + 6*l - 2. What are the prime factors of u(b)?
3
Let t = -604 - -904. What are the prime factors of (33 - -2)/(12/t)?
5, 7
Suppose x + x = -x. Suppose 12*s - 10*s - 18 = x. List the prime factors of s.
3
Let z be (6/(-10))/(4/(-3280)). What are the prime factors of (0 - 1220/(-6))*z/82?
2, 5, 61
Suppose 0 = -3*m + 13 - 37. Let z be (-12)/(-96) - 111/m. List the prime factors of (-35)/5*(-456)/z.
2, 3, 19
Suppose 4*m + 9981 = 53577. What are the prime factors of m?
3, 7, 173
Suppose 80*q = 84*q + 2252. Let v = q - -1093. List the prime factors of v.
2, 5, 53
Suppose 7*h - 8*h = -3. List the prime factors of (242/h)/(1/6).
2, 11
Let r = -5 + 7. Suppose -44 = -30*y + 46. Suppose -r*b - 427 = -5*k, k - 71 = -y*b + 28. List the prime factors of k.
3, 29
Suppose 0 = q - 5*g - 21486, 5*q - 3*q = -g + 43027. List the prime factors of q.
7, 439
Let m(g) = -130*g**2 + 88*g - 623. Let w(u) = -86*u**2 + 59*u - 416. Let a(v) = 5*m(v) - 8*w(v). List the prime factors of a(7).
3, 617
Let p(g) be the first derivative of -7*g**2/2 - 8*g + 750. Let m(j) = -j**3 + 2*j**2 + 3. Let b be m(3). List the prime factors of p(b).
2, 17
Let t(k) = 1559*k**3 - 23*k**2 + 31*k + 78. List the prime factors of t(3).
3, 4673
Let i = 16412 + 62789. List the prime factors of i.
79201
Let g be 9/6*2*1. Suppose -987 - 483 = -g*t. What are the prime factors of t?
2, 